nd 897.
897
Calculate the greatest common divisor of 83546974 and 28.
14
What is the greatest common factor of 805 and 35840?
35
What is the greatest common factor of 560 and 81404456?
56
What is the highest common divisor of 5530978 and 1146?
382
What is the greatest common divisor of 14461140 and 13920?
1740
Calculate the highest common factor of 8 and 15282088.
8
What is the greatest common factor of 33 and 64326614?
11
Calculate the highest common factor of 1820435 and 25388.
577
What is the greatest common factor of 6144 and 60708?
12
What is the highest common divisor of 680859 and 57537?
27
Calculate the highest common divisor of 237644 and 732050.
242
Calculate the greatest common factor of 3320 and 15752570.
830
What is the greatest common divisor of 75267387 and 1053?
1053
Calculate the highest common divisor of 62933254 and 2.
2
What is the greatest common divisor of 2907 and 1045722?
57
What is the highest common factor of 354012406 and 5030?
1006
Calculate the highest common factor of 813 and 88080691.
271
Calculate the greatest common factor of 7681264 and 2944.
368
What is the highest common factor of 53750 and 599398500?
10750
What is the greatest common divisor of 751543 and 143?
13
Calculate the greatest common factor of 378 and 887320.
14
Calculate the highest common divisor of 68 and 248361568.
68
Calculate the greatest common factor of 3364 and 1792652052.
3364
Calculate the greatest common divisor of 1464 and 28059756.
732
What is the highest common factor of 9960 and 36451110?
2490
What is the highest common factor of 316126588 and 958?
958
What is the greatest common divisor of 655623 and 153?
9
What is the highest common factor of 45 and 26243105?
5
What is the highest common divisor of 696 and 130384?
232
What is the greatest common divisor of 2348 and 31318798?
1174
Calculate the greatest common factor of 2472 and 11792264.
824
Calculate the greatest common factor of 1443 and 1698522.
111
Calculate the highest common divisor of 1418008 and 333880.
3928
What is the greatest common factor of 272 and 68792268?
68
What is the highest common divisor of 135 and 918000?
135
Calculate the greatest common factor of 391 and 20217.
23
What is the greatest common factor of 17645924 and 804?
268
What is the greatest common divisor of 280650 and 499500?
150
Calculate the greatest common factor of 28443 and 1065864.
1497
What is the highest common divisor of 117869 and 160165?
311
What is the greatest common factor of 20394733 and 37?
37
Calculate the highest common factor of 75495285 and 585.
45
What is the greatest common divisor of 49730861 and 747?
83
Calculate the highest common factor of 9 and 18596439.
9
What is the highest common divisor of 37567731 and 1160?
29
Calculate the highest common divisor of 61790 and 80564140.
1670
What is the greatest common factor of 149801 and 3640926?
2539
What is the greatest common factor of 327977 and 2197?
13
What is the greatest common divisor of 50479 and 21054332?
4589
What is the greatest common divisor of 42273 and 30194451?
3843
What is the highest common divisor of 429 and 554541?
39
Calculate the highest common divisor of 1938 and 273054.
102
What is the highest common factor of 11415 and 2622406?
761
What is the highest common divisor of 1048065 and 437510?
3265
What is the highest common divisor of 156 and 7804?
4
Calculate the highest common divisor of 564102961 and 53335.
10667
Calculate the highest common factor of 422479770 and 60.
30
What is the highest common divisor of 3828 and 22178706?
66
Calculate the greatest common factor of 138319460 and 60.
20
Calculate the highest common divisor of 26266302 and 61863.
3639
What is the highest common divisor of 236171408 and 33?
11
What is the highest common divisor of 1342872 and 3456?
216
Calculate the highest common factor of 354423 and 6901.
103
Calculate the highest common divisor of 331716 and 1765995.
231
What is the greatest common divisor of 40723980 and 3080?
220
Calculate the greatest common factor of 2807722 and 6554.
58
What is the highest common divisor of 3051 and 1035937557?
1017
Calculate the highest common divisor of 3141 and 28554.
3
Calculate the highest common divisor of 355620 and 6780.
60
What is the highest common factor of 440151586 and 28?
14
Calculate the greatest common divisor of 320 and 778840.
40
What is the greatest common divisor of 333412317 and 1629?
1629
What is the greatest common factor of 27748512 and 31008?
1824
What is the greatest common factor of 1431756 and 12150?
486
Calculate the greatest common factor of 148088 and 434576.
1384
What is the highest common divisor of 28462 and 5425756?
1498
What is the highest common divisor of 248730 and 51180?
30
What is the greatest common divisor of 20 and 21626420?
20
Calculate the highest common divisor of 5694540 and 20544.
1284
What is the highest common divisor of 7099 and 941419?
229
Calculate the greatest common divisor of 377 and 30139811.
13
What is the greatest common factor of 535036340 and 120?
20
What is the greatest common factor of 17 and 125512751?
17
Calculate the highest common divisor of 5029 and 1099659.
47
What is the highest common divisor of 457730 and 183001?
91
What is the greatest common factor of 570000325 and 25?
25
Calculate the highest common factor of 22128 and 643740.
12
What is the greatest common divisor of 207 and 100878?
69
Calculate the greatest common factor of 19530 and 6855.
15
Calculate the greatest common divisor of 85503880 and 484.
44
What is the highest common divisor of 4406400 and 703035?
765
Calculate the highest common divisor of 43090677 and 324.
27
What is the greatest common divisor of 1179 and 627669?
9
Calculate the highest common factor of 4324989 and 56373.
1311
Calculate the greatest common factor of 567 and 24033240.
189
Calculate the highest common factor of 1279 and 82976404.
1279
Calculate the highest common divisor of 950 and 20994650.
50
Calculate the highest common factor of 25 and 8153715.
5
Calculate the highest common factor of 19719 and 103698.
63
Calculate the highest common factor of 24185 and 11933570.
3455
Calculate the highest common factor of 83 and 1048452929.
83
Calculate the highest common factor of 25002118 and 24144.
1006
Calculate the greatest common factor of 41 and 2935739195.
41
What is the greatest common divisor of 3069 and 1220346?
279
Calculate the greatest common factor of 699 and 5315429.
233
Calculate the highest common factor of 549918 and 944478.
2466
Calculate the highest common factor of 576 and 3093228.
36
Calculate the greatest common factor of 55391 and 3395063.
1351
What is the greatest common factor of 4422005 and 980?
245
Calculate the highest common factor of 58089 and 2881.
67
What is the highest common factor of 18 and 14578560?
18
Calculate the highest common factor of 2957175 and 92430.
585
Calculate the greatest common factor of 32291832 and 11904.
744
Calculate the highest common divisor of 4038840 and 1872.
936
Calculate the highest common factor of 5134 and 2992340.
34
Calculate the highest common factor of 342090956 and 1544.
772
What is the highest common divisor of 474 and 35499914?
158
What is the highest common divisor of 6068 and 9832702?
82
What is the highest common divisor of 100 and 129024?
4
What is the greatest common factor of 9425 and 1607499725?
9425
Calculate the greatest common factor of 6355 and 29352515.
205
What is the greatest common divisor of 24080 and 394880?
80
Calculate the greatest common factor of 238 and 169947946.
238
Calculate the greatest common factor of 528 and 177800172.
132
What is the highest common divisor of 6832400 and 11571?
551
Calculate the highest common factor of 7210 and 73962.
14
Calculate the highest common divisor of 182923614 and 9.
9
Calculate the greatest common factor of 1410048 and 39744.
1728
Calculate the highest common divisor of 1595 and 159568585.
1595
What is the highest common factor of 168550272 and 264?
264
What is the highest common factor of 1542915048 and 7422?
7422
What is the highest common divisor of 300 and 8546025?
75
What is the greatest common factor of 10871048 and 56?
8
What is the greatest common factor of 30 and 912198?
6
Calculate the highest common divisor of 8